{"id":535,"date":"2022-03-07T09:41:31","date_gmt":"2022-03-07T08:41:31","guid":{"rendered":"https:\/\/www.aecoute.net\/?page_id=535"},"modified":"2022-03-07T09:46:57","modified_gmt":"2022-03-07T08:46:57","slug":"empedocle-2","status":"publish","type":"page","link":"https:\/\/www.aecoute.net\/index.php\/presentations\/sous-les-auspices-de-mercure\/empedocle-2\/","title":{"rendered":"Emp\u00e9docle"},"content":{"rendered":"\n<figure class=\"wp-block-image size-full\"><img fetchpriority=\"high\" decoding=\"async\" width=\"400\" height=\"618\" src=\"https:\/\/www.aecoute.net\/wp-content\/uploads\/2022\/03\/AVT_Empedocle_8340.jpeg\" alt=\"Emp\u00e9docle\" class=\"wp-image-497\" srcset=\"https:\/\/www.aecoute.net\/wp-content\/uploads\/2022\/03\/AVT_Empedocle_8340.jpeg 400w, https:\/\/www.aecoute.net\/wp-content\/uploads\/2022\/03\/AVT_Empedocle_8340-194x300.jpeg 194w\" sizes=\"(max-width: 400px) 100vw, 400px\" \/><figcaption>Emp\u00e9docle<\/figcaption><\/figure>\n\n\n\n<p>Selon wikip\u00e9dia : Emp\u00e9docle est un philosophe, po\u00e8te, ing\u00e9nieur et m\u00e9decin grec de Sicile, du V\u1d49 si\u00e8cle av. J.-C. Il fait partie des philosophes pr\u00e9socratiques, ces premiers penseurs qui ont tent\u00e9 de d\u00e9couvrir l&rsquo;arkh\u00e8 du cosmos, son \u00ab sch\u00e9ma \u00bb.<\/p>\n\n\n\n<p>Je lui suis redevable de m&rsquo;avoir fait commencer \u00e0 comprendre les deux grands algorithmes qui rassemblent ou s\u00e9parent dans le grand jeu de la vie.<\/p>\n\n\n\n<p>Encore merci \u00e0 lui.<\/p>\n\n\n\n<p>\u00ab L&rsquo;Amour et la Haine de m\u00eame qu&rsquo;ils \u00e9taient auparavant, de m\u00eame ils seront, et jamais, je pense, \/ Le temps infini ne sera vide de ce couple. \/ Je parlerai du double processus des choses : car tant\u00f4t l&rsquo;Un grandit, demeurant seul, \/ A partir du Multiple, tant\u00f4t au contraire il se divise et de l&rsquo;Un na\u00eet le Multiple. \/ De ce qui est mortel il y a donc double naissance et double destruction : \/ L&rsquo;union de toutes choses provoque la naissance et la destruction\/ Et d&rsquo;autre part, ce qui est form\u00e9, s&rsquo;envole en tous sens lorsque les \u00e9l\u00e9ments se s\u00e9parent. \/ Et ces \u00e9l\u00e9ments ne cessent jamais leur continuel \u00e9change, \/ Tant\u00f4t tout s&rsquo;unifie gr\u00e2ce \u00e0 l&rsquo;Amour, \/ Tant\u00f4t, \u00e0 nouveau, chaque \u00e9l\u00e9ment se s\u00e9pare, emport\u00e9 par la force hostile de la Haine. \/ Ainsi, dans la mesure o\u00f9 ils ont le pouvoir de venir \u00e0 l&rsquo;Un \u00e0 partir du Multiple \/ Et, \u00e0 nouveau, quand l&rsquo;Un se dissout et que le Multiple en na\u00eet, \/ Dans cette mesure ils viennent \u00e0 l&rsquo;\u00eatre et n&rsquo;ont pas de vie immuable. \/ Mais, dans la mesure o\u00f9 ils ne cessent jamais leur perp\u00e9tuel \u00e9change, \/ Dans cette mesure ils demeurent toujours immuables selon le cycle. \u00bb<\/p>\n\n\n\n<p>Emp\u00e9docle, Katharmoi\/Purifications, Fragments 16-17<\/p>\n\n\n\n<figure class=\"wp-block-embed is-type-video is-provider-youtube wp-block-embed-youtube wp-embed-aspect-16-9 wp-has-aspect-ratio\"><div class=\"wp-block-embed__wrapper\">\n<iframe title=\"La pens\u00e9e avant Socrate (4\/4) : Emp\u00e9docle\" width=\"580\" height=\"326\" src=\"https:\/\/www.youtube.com\/embed\/vzhCtz2kplg?feature=oembed\" frameborder=\"0\" allow=\"accelerometer; autoplay; clipboard-write; encrypted-media; gyroscope; picture-in-picture; web-share\" referrerpolicy=\"strict-origin-when-cross-origin\" allowfullscreen><\/iframe>\n<\/div><\/figure>\n\n\n\n<p><a href=\"https:\/\/www.franceculture.fr\/emissions\/les-nouveaux-chemins-de-la-connaissance\/la-pensee-avant-socrate-44-empedocle\">Allez plus loin &#8230;<\/a> (Source de mes informations)<\/p>\n\n\n\n<p>Autre liens : <\/p>\n\n\n\n<ul class=\"wp-block-list\"><li><a rel=\"noreferrer noopener\" href=\"https:\/\/www.franceculture.fr\/personne\/empedocle\" target=\"_blank\">Emp\u00e9docle : Peut-on tout expliquer par l&rsquo;amour et la haine ?<\/a><\/li><li><a rel=\"noreferrer noopener\" href=\"https:\/\/fr.wikipedia.org\/wiki\/Emp%C3%A9docle\" target=\"_blank\">Sur wikip\u00e9dia<\/a><\/li><\/ul>\n\n\n\n<p><\/p>\n","protected":false},"excerpt":{"rendered":"<p>Selon wikip\u00e9dia : Emp\u00e9docle est un philosophe, po\u00e8te, ing\u00e9nieur et m\u00e9decin grec de Sicile, du V\u1d49 si\u00e8cle av. J.-C. Il fait partie des philosophes pr\u00e9socratiques, ces premiers penseurs qui ont tent\u00e9 de d\u00e9couvrir l&rsquo;arkh\u00e8 du cosmos, son \u00ab sch\u00e9ma \u00bb. Je lui suis redevable de m&rsquo;avoir fait commencer \u00e0 comprendre les deux grands algorithmes qui [&hellip;]<\/p>\n","protected":false},"author":1,"featured_media":0,"parent":528,"menu_order":0,"comment_status":"closed","ping_status":"closed","template":"","meta":{"_monsterinsights_skip_tracking":false,"_monsterinsights_sitenote_active":false,"_monsterinsights_sitenote_note":"","_monsterinsights_sitenote_category":0,"footnotes":""},"class_list":["post-535","page","type-page","status-publish","hentry"],"aioseo_notices":[],"_links":{"self":[{"href":"https:\/\/www.aecoute.net\/index.php\/wp-json\/wp\/v2\/pages\/535","targetHints":{"allow":["GET"]}}],"collection":[{"href":"https:\/\/www.aecoute.net\/index.php\/wp-json\/wp\/v2\/pages"}],"about":[{"href":"https:\/\/www.aecoute.net\/index.php\/wp-json\/wp\/v2\/types\/page"}],"author":[{"embeddable":true,"href":"https:\/\/www.aecoute.net\/index.php\/wp-json\/wp\/v2\/users\/1"}],"replies":[{"embeddable":true,"href":"https:\/\/www.aecoute.net\/index.php\/wp-json\/wp\/v2\/comments?post=535"}],"version-history":[{"count":3,"href":"https:\/\/www.aecoute.net\/index.php\/wp-json\/wp\/v2\/pages\/535\/revisions"}],"predecessor-version":[{"id":540,"href":"https:\/\/www.aecoute.net\/index.php\/wp-json\/wp\/v2\/pages\/535\/revisions\/540"}],"up":[{"embeddable":true,"href":"https:\/\/www.aecoute.net\/index.php\/wp-json\/wp\/v2\/pages\/528"}],"wp:attachment":[{"href":"https:\/\/www.aecoute.net\/index.php\/wp-json\/wp\/v2\/media?parent=535"}],"curies":[{"name":"wp","href":"https:\/\/api.w.org\/{rel}","templated":true}]}}