{"id":604,"date":"2022-03-07T18:33:54","date_gmt":"2022-03-07T17:33:54","guid":{"rendered":"https:\/\/www.aecoute.net\/?page_id=604"},"modified":"2022-03-07T18:34:21","modified_gmt":"2022-03-07T17:34:21","slug":"desmond-morris","status":"publish","type":"page","link":"https:\/\/www.aecoute.net\/index.php\/presentations\/desmond-morris\/","title":{"rendered":"Desmond Morris"},"content":{"rendered":"\n<figure class=\"wp-block-image size-large is-resized\"><img fetchpriority=\"high\" decoding=\"async\" src=\"https:\/\/d3d00swyhr67nd.cloudfront.net\/_source\/artuk_stories\/desmondmorris725px-1.jpg\" alt=\"\" width=\"335\" height=\"503\"\/><figcaption>Desmond John Morris<\/figcaption><\/figure>\n\n\n\n<p>Selon Wikip\u00e9dia, Desmond John Morris, n\u00e9 le 24 janvier 1928 au Royaume-Uni pr\u00e8s de Swindon, Wiltshire, est un zoologiste vulgarisateur, un \u00e9crivain et un peintre surr\u00e9aliste anglais.<\/p>\n\n\n\n<p>Ce zoologiste m&rsquo;a \u00e9t\u00e9 conseill\u00e9 par Daniel Urbain. J&rsquo;\u00e9tais en recherche de donn\u00e9es pertinentes sur le langage non verbal et mon coll\u00e8gue a eu la gentilesse de me pr\u00eater \u00e0 l&rsquo;\u00e9poque les deux gros bouquins de Desmond Morris qui sont introuvables en \u00e9dition en langue fran\u00e7aise. Desmond Morris a r\u00e9volutionn\u00e9 (le mot est faible) ma vision de l&rsquo;\u00eatre humain en le ramenant \u00e0 ses dimensions animales. Je dois \u00e9norm\u00e9ment \u00e0 ses livres : \u00ab\u00a0La magie du corps\u00a0\u00bb, \u00ab\u00a0La cl\u00e9 des gestes\u00a0\u00bb et \u00ab\u00a0Le Singe Nu\u00a0\u00bb.<\/p>\n\n\n\n<p>C&rsquo;est gr\u00e2ce \u00e0 lui que j&rsquo;ai fait le pont entre l&rsquo;homme et l&rsquo;animal dans leurs dimensions de la communication verbale et comportementale.<\/p>\n\n\n\n<p>Le chemin allait se poursuivre plus tard jusqu&rsquo;aux algorithmes lorsque Yuval Noah Harari passerait par mes neurones.<\/p>\n\n\n\n<p>Pour aller plus loin &#8230;<\/p>\n\n\n\n<ul class=\"wp-block-list\"><li><a rel=\"noreferrer noopener\" href=\"https:\/\/fr.wikipedia.org\/wiki\/Desmond_Morris\" target=\"_blank\">Sa pr\u00e9sentation sur wikip\u00e9dia<\/a><\/li><li><a href=\"https:\/\/www.babelio.com\/auteur\/Desmond-Morris\/3507\" target=\"_blank\" rel=\"noreferrer noopener\">Bibliographie<\/a><\/li><\/ul>\n\n\n\n<p> <\/p>\n","protected":false},"excerpt":{"rendered":"<p>Selon Wikip\u00e9dia, Desmond John Morris, n\u00e9 le 24 janvier 1928 au Royaume-Uni pr\u00e8s de Swindon, Wiltshire, est un zoologiste vulgarisateur, un \u00e9crivain et un peintre surr\u00e9aliste anglais. Ce zoologiste m&rsquo;a \u00e9t\u00e9 conseill\u00e9 par Daniel Urbain. J&rsquo;\u00e9tais en recherche de donn\u00e9es pertinentes sur le langage non verbal et mon coll\u00e8gue a eu la gentilesse de me [&hellip;]<\/p>\n","protected":false},"author":1,"featured_media":0,"parent":316,"menu_order":0,"comment_status":"closed","ping_status":"closed","template":"","meta":{"_monsterinsights_skip_tracking":false,"_monsterinsights_sitenote_active":false,"_monsterinsights_sitenote_note":"","_monsterinsights_sitenote_category":0,"footnotes":""},"class_list":["post-604","page","type-page","status-publish","hentry"],"aioseo_notices":[],"_links":{"self":[{"href":"https:\/\/www.aecoute.net\/index.php\/wp-json\/wp\/v2\/pages\/604","targetHints":{"allow":["GET"]}}],"collection":[{"href":"https:\/\/www.aecoute.net\/index.php\/wp-json\/wp\/v2\/pages"}],"about":[{"href":"https:\/\/www.aecoute.net\/index.php\/wp-json\/wp\/v2\/types\/page"}],"author":[{"embeddable":true,"href":"https:\/\/www.aecoute.net\/index.php\/wp-json\/wp\/v2\/users\/1"}],"replies":[{"embeddable":true,"href":"https:\/\/www.aecoute.net\/index.php\/wp-json\/wp\/v2\/comments?post=604"}],"version-history":[{"count":1,"href":"https:\/\/www.aecoute.net\/index.php\/wp-json\/wp\/v2\/pages\/604\/revisions"}],"predecessor-version":[{"id":605,"href":"https:\/\/www.aecoute.net\/index.php\/wp-json\/wp\/v2\/pages\/604\/revisions\/605"}],"up":[{"embeddable":true,"href":"https:\/\/www.aecoute.net\/index.php\/wp-json\/wp\/v2\/pages\/316"}],"wp:attachment":[{"href":"https:\/\/www.aecoute.net\/index.php\/wp-json\/wp\/v2\/media?parent=604"}],"curies":[{"name":"wp","href":"https:\/\/api.w.org\/{rel}","templated":true}]}}